y, -2*f = 5*y - 409 + 73. Let s = 194 + y. Suppose -s = -2*b - 5*x, 262 = -3*b + 5*b + 2*x. Is b a composite number?
False
Let s(p) = 517*p + 5. Is s(2) prime?
True
Let f(g) = -g**2 - 9*g - 5. Let z be f(-8). Suppose -1 = j - z. Suppose c + 2*h = 6*h + 345, j*c + 5*h - 716 = 0. Is c composite?
False
Suppose 10641106 = 70*w + 2243556. Is w a prime number?
False
Let c = -15 + 10. Let k(b) be the second derivative of -23*b**3/3 - 7*b**2/2 - 2*b - 11. Is k(c) a prime number?
True
Let l = 45 - 41. Suppose -2*i + 4*i + 6052 = l*j, 4*j + 4*i - 6052 = 0. Is j composite?
True
Is (81944/(-8))/(4/(-4)) a prime number?
True
Suppose 3*y - 68 + 464 = 0. Let h = -81 - y. Is h prime?
False
Let u(h) = h - 1. Suppose -4*k + 12 = -0*k. Let z be u(k). Is (549/(-6) - z)*-2 a composite number?
True
Let t(x) = x - 8. Let n be t(-10). Let f be ((-12)/18)/(4/n). Suppose -7*j + 284 = -f*j. Is j a prime number?
True
Is ((-2)/(-4) - 0)*(36931 + -5) prime?
False
Let h = 1014 + 2033. Let t = h - 2130. Is t composite?
True
Let h(z) = 2*z**2 - 6*z + 3. Let s be h(4). Suppose j - 18 = s. Let u = 98 + j. Is u a composite number?
False
Suppose -r - 60690 = -177853. Is r a prime number?
True
Suppose 0 = 9*v - 28*v + 144647. Is v a prime number?
False
Suppose w + 3*o - 28763 = 31543, -5*w + 301510 = -5*o. Is w composite?
True
Suppose 5*k + 6*t - 5*t = 45961, 0 = -5*k - 5*t + 45945. Is k composite?
True
Suppose -220 = 6*m - m. Let n = m + 111. Suppose -3*a - 39 = -b, -3*b + 4*b = -4*a + n. Is b a composite number?
True
Let m be (-828)/48 - (-2)/8. Let k = 21 + m. Suppose -2*u = k - 50. Is u a composite number?
False
Let x = 2 + 3. Let d(g) be the second derivative of 11*g**4/12 + 7*g**3/6 - 3*g**2/2 - 44*g. Is d(x) a prime number?
True
Let i(u) = -14*u + 16. Suppose -27 = 5*f + 58. Let l be i(f). Let v = -180 + l. Is v a prime number?
False
Let s(j) = -j - 11. Let z be s(-13). Is (z - (-2 + 3)) + (2 - -650) composite?
False
Let w = -94 - -99. Let n(f) = 138*f**2 + 16*f - 9. Is n(w) a prime number?
False
Let y(x) be the second derivative of 61*x**3/6 + 3*x. Suppose 25 = 2*w + 3*w. Is y(w) composite?
True
Let k = 33 - 33. Is (89 - -2) + k + 2 prime?
False
Let x(t) = 4*t - 12. Let c be x(3). Suppose -4*z + 5*i + 2035 = 0, 5*z + i - 2406 - 116 = c. Is z prime?
False
Suppose 8633 - 67529 = -6*a. Suppose -3*b + a = 9*b. Is b composite?
True
Suppose -7280 = -b - 5*x + 11843, -6*b - 2*x + 114626 = 0. Is b prime?
False
Suppose 3*h = -6, -4*c + 73654 = -0*c - h. Is c prime?
True
Let b(k) = k**2 + 6*k + 8. Let r be b(-5). Suppose 5*v = -2*h + 3287, 5*v - 1302 = r*v - 4*h. Is v composite?
False
Is 19869 - (-3 - -27)/3 a composite number?
False
Let p(b) = -2*b**2 + 7*b + 2. Let u be p(4). Let c = 1 - u. Is (-3*c)/3 - -86 a prime number?
True
Suppose -f + 4*w + 3 - 1 = 0, 5*f - 10 = w. Is ((-953)/(-2))/(f/4) composite?
False
Let f(b) = b**2 - 9*b. Let x be f(11). Suppose -4*o = -3*p + 32, 5*p - 3*o - 13 = x. Suppose 249 = p*s - s. Is s prime?
True
Let b(d) = -1263*d - 73. Is b(-2) prime?
False
Suppose 0*y = -2*p - 3*y - 12, -2*y + 4 = 0. Let v be p/3 + 1 - -877. Let i = v - 538. Is i a composite number?
False
Let g = -108 + 108. Suppose g = -5*f + t - 3328 + 10658, 0 = -5*f + 2*t + 7335. Is f composite?
True
Let v = 19855 + -9834. Is v a prime number?
False
Suppose -11*d - 5228 = -143487. Is d composite?
False
Let s(y) = y**2 + 19*y + 29. Let i be s(-17). Let g(l) = -2*l**3 + l**2 + 12. Is g(i) prime?
False
Let b = -95 + 97. Let l(o) be the third derivative of 35*o**4/8 + o**3/6 - 3*o**2. Is l(b) a prime number?
True
Suppose -5*w = -2*u + 170, 0 = w - 4*u - 6 + 58. Let i = w + 34. Suppose 0 = -i*r - 5*h + 174 + 5, -4*r - 3*h + 337 = 0. Is r composite?
True
Let m(i) = -i**2 + 30. Let j be m(0). Let q = 22 - j. Is q/(-12) + 1255/3 a prime number?
True
Let v(c) = -274*c - 155. Is v(-24) prime?
True
Let w = -28 + 60. Let o = 163 - w. Is o prime?
True
Suppose -74535 = -15*i - 5790. Is i a prime number?
True
Let d be (38/(-6))/(2/(-60)). Suppose 1098 = 8*g - d. Is g prime?
False
Let g(f) = f**2 + 8*f + 17. Let q be g(-7). Suppose -6 = -3*b, 0 = 4*u - q*b + 5*b - 5338. Is u prime?
False
Suppose 7*b + 2*b = 17379. Is b prime?
True
Suppose 2*o - 33 = -29. Is (5026/42)/(o/6) composite?
False
Suppose -32*p - 12*p + 485188 = 0. Is p prime?
True
Suppose -4*s = j - 36, 12 + 33 = 5*s + 2*j. Is 1493/4*(s - 7/7) composite?
True
Suppose 4*f - 4*q - 784 = 0, 3*f - 7*f - 2*q = -808. Let p = 341 - f. Is p a prime number?
False
Let y be (0/(6 - 4))/(-3). Let v(o) = o**3 + 2*o + 191. Is v(y) a composite number?
False
Suppose 4*l + 2*t = -0*t - 1250, 5*l - 2*t = -1585. Let q = -188 - l. Is q a composite number?
False
Let u be 4/(-24) - (-38)/12. Suppose -3*x = -u - 6. Suppose -5*s + 74 = -x*s. Is s a prime number?
True
Let u(c) = 28*c**2 + 2*c - 7. Suppose 4*k - k - 9 = 0. Is u(k) a prime number?
True
Suppose -3*y = -3*t - 5*y + 13, 5*t - y = 39. Suppose -t*a = a - 23992. Is a a composite number?
False
Let o = -9422 + 16285. Is o composite?
False
Suppose 3*z + 15120 = 8*z. Suppose z = 7*j - 2009. Is j a composite number?
False
Suppose w + 2*s - 693 = 0, 0*w = 4*w + 5*s - 2757. Is w a prime number?
True
Let p(x) = x**2 - 4*x + 5. Let n be p(4). Let i(r) = 36 + 4*r - 3*r - 32 + 2*r**2. Is i(n) prime?
True
Let a(l) = 3*l**3 + 10*l**2 + 2*l - 6. Let h(y) = -y**2 + y - 1. Let r(n) = -a(n) - 2*h(n). Is r(-7) a composite number?
False
Suppose 0 = 2*v - 6*v + 25752. Suppose -2*c - w = -0*w - 6462, 2*c - 5*w - v = 0. Is c prime?
True
Let r be ((-2)/2)/((3 - 1)/24). Is (1126/(-4))/(6/r) composite?
False
Let z(t) = -t**3 + 5*t**2 + 4*t + 2. Let m be z(6). Let j(v) = -5*v**3 + v**2 - 12*v - 11. Is j(m) a composite number?
False
Let l = 274 + 405. Is l prime?
False
Let u(r) = -1 + 5*r + 18*r**3 - 6 + 2 + 0. Is u(4) a prime number?
False
Suppose 20*c - 25*c = -95815. Is c composite?
False
Suppose -12 = -4*n - 2*n. Suppose -h + 136 = -n*d + 4*d, d - 59 = 4*h. Is d a prime number?
True
Suppose 9*s - 396320 = -32567. Is s composite?
True
Let d(w) = w**3 + 18*w**2 + 18*w - 10. Let f be d(-16). Suppose 5*q = f + 1831. Is q prime?
True
Let r = 24 + -20. Suppose 3*i - r*i = -19. Suppose -5*j + 654 - i = 0. Is j a composite number?
False
Let x(v) = -276*v + 2. Let b be x(1). Let s = 469 + b. Suppose 0 = 5*k - 2*k - s. Is k composite?
True
Let a = -865 + 178. Let i = a - -1186. Is i composite?
False
Let h(o) = 2*o**2 - 3*o + 4. Suppose -v - 2 = -2*v. Let s be h(v). Suppose i = -i + s. Is i a prime number?
True
Let f = -13959 - -21273. Let v = f + -5083. Is v a prime number?
False
Suppose 0*o = -11*o + 44. Suppose -5*x + 4*p + 195 = -57, 5*x - p = 243. Suppose -3*z + 49 = v, 197 = 5*v + o*z - x. Is v a prime number?
False
Let q = 982 - 647. Suppose -n = -q - 398. Is n a prime number?
True
Suppose -5*r + 6*r = -3*s + 302, 0 = -r + 2. Let t(g) = 6*g - g + s + 3*g**2 - 91. Is t(-8) prime?
False
Suppose 502*f - 531*f + 115043 = 0. Is f composite?
False
Suppose -8 = -0*y + 4*y. Is 1813 + 2 + y + -2 a composite number?
False
Suppose 46*h + 474678 = 55*h. Is h a composite number?
True
Let d = 2 + -2. Suppose -3*y + 276 = -d*y. Suppose -r + y = r. Is r a composite number?
True
Suppose k + 4*k = 10. Suppose -k*w = -4*a - 1762, -2*a + 3108 + 456 = 4*w. Is w prime?
False
Let t = 94 - 55. Suppose 27*o = 34*o. Suppose -3*n + t + 72 = o. Is n a prime number?
True
Suppose -2*w + 0 = -8, 5*m + w = 26209. Let i = -2584 + m. Is i a prime number?
True
Suppose -2*c + 7 = -1. Let j be (-1)/((-9708)/(-2428) - c). Let m = j - -24. Is m a prime number?
True
Let u(z) = 5*z + 147*z + 48 - 39. Is u(5) a composite number?
False
Suppose -6*p - 116174 = -2*d - 7*p, 0 = -5*p. Is d a prime number?
False
Suppose -30*q - 11545 = -35*q. Is q a composite number?
False
Let i(t) = -t**2 - 6*t + 3. Let v be i(-6). Suppose 0 = f + v*f - 568. Is f composite?
True
Let v = -42 + 24. Let g be 8/36 - 8726/v. Suppose 0*c - g = -c. Is c a prime number?
False
Suppose -3*x - 4*z = -25, 0 = -2*x + z + 2. Suppose -2*t - 3*n = 2*n - 26, -3*n + 12 = 0. Is 444/x - 2 - t prime?
False
Let d = -36 + 31. Is 982 - (10 + 25/d) a prime number?
True
Let c(g) = 109*g - 74. Is c(13) prime?
False
Suppose 2*a + 10 = 0, -2*j + 396 = -a - 3*a. Let u(b) = 28*b**2 - 1. Let i be u(-1). Let w = j + i. Is w 